nder when 89023105 is divided by 151?
149
Calculate the remainder when 77822 is divided by 291.
125
Calculate the remainder when 540393 is divided by 177.
12
Calculate the remainder when 4895553 is divided by 2447748.
57
Calculate the remainder when 125556 is divided by 2482.
1456
Calculate the remainder when 272868019 is divided by 34.
33
What is the remainder when 21397 is divided by 21117?
280
What is the remainder when 182118 is divided by 4683?
4164
Calculate the remainder when 12397714 is divided by 102460.
54
Calculate the remainder when 81033260 is divided by 307.
303
Calculate the remainder when 7084 is divided by 1254.
814
What is the remainder when 7291349 is divided by 2187?
2078
Calculate the remainder when 9213607 is divided by 191.
149
Calculate the remainder when 8566485 is divided by 8.
5
What is the remainder when 81926 is divided by 781?
702
What is the remainder when 4636336 is divided by 1545445?
1
What is the remainder when 32542 is divided by 2228?
1350
What is the remainder when 115141 is divided by 2675?
116
What is the remainder when 314740 is divided by 26178?
604
Calculate the remainder when 1644031739 is divided by 202.
199
What is the remainder when 3270755 is divided by 19016?
3
What is the remainder when 58265096 is divided by 2080896?
8
Calculate the remainder when 1076162 is divided by 358719.
5
What is the remainder when 199768511 is divided by 3524?
3523
What is the remainder when 24290 is divided by 2937?
794
What is the remainder when 8428706 is divided by 8428683?
23
What is the remainder when 63341576 is divided by 430?
426
Calculate the remainder when 207869 is divided by 103917.
35
Calculate the remainder when 567413473 is divided by 15.
13
What is the remainder when 4954498 is divided by 381113?
29
Calculate the remainder when 4183408 is divided by 388.
380
What is the remainder when 318304 is divided by 5133?
58
Calculate the remainder when 104373 is divided by 3862.
99
Calculate the remainder when 352548 is divided by 70003.
2533
What is the remainder when 88597 is divided by 88378?
219
What is the remainder when 129184 is divided by 15898?
2000
Calculate the remainder when 109716464 is divided by 32.
16
What is the remainder when 17003952 is divided by 101?
97
What is the remainder when 480693 is divided by 874?
867
Calculate the remainder when 66698 is divided by 10472.
3866
What is the remainder when 39575510 is divided by 791510?
10
What is the remainder when 3216551 is divided by 803489?
2595
What is the remainder when 7152844 is divided by 3823?
11
What is the remainder when 1175669 is divided by 881?
415
Calculate the remainder when 8424814 is divided by 166.
148
Calculate the remainder when 104545 is divided by 10452.
25
Calculate the remainder when 124643201 is divided by 76.
9
What is the remainder when 68072146 is divided by 153?
151
Calculate the remainder when 433712 is divided by 108143.
1140
Calculate the remainder when 6460394 is divided by 126.
122
Calculate the remainder when 363357 is divided by 121097.
66
Calculate the remainder when 2170197 is divided by 130.
107
What is the remainder when 360973 is divided by 45120?
13
Calculate the remainder when 563933 is divided by 7484.
2633
Calculate the remainder when 508659 is divided by 2120.
1979
What is the remainder when 37819650 is divided by 20432?
18
What is the remainder when 558417 is divided by 42949?
80
What is the remainder when 8927278 is divided by 44414?
64
What is the remainder when 26314201 is divided by 196?
25
Calculate the remainder when 8451 is divided by 8112.
339
What is the remainder when 14448996 is divided by 20?
16
What is the remainder when 1097744 is divided by 1097733?
11
Calculate the remainder when 2309922 is divided by 89.
16
Calculate the remainder when 1475870 is divided by 77673.
83
What is the remainder when 314999 is divided by 36?
35
Calculate the remainder when 7635773 is divided by 177.
170
What is the remainder when 19349299 is divided by 6449511?
766
Calculate the remainder when 2593118 is divided by 424.
358
What is the remainder when 66304771 is divided by 9?
7
Calculate the remainder when 59880488 is divided by 3604.
28
What is the remainder when 5851940 is divided by 402?
26
Calculate the remainder when 385195 is divided by 455.
265
Calculate the remainder when 23434821 is divided by 4821.
4761
What is the remainder when 1970905 is divided by 985439?
27
What is the remainder when 1297155 is divided by 592?
83
Calculate the remainder when 28076337 is divided by 1110.
1107
What is the remainder when 289047 is divided by 90?
57
What is the remainder when 259930 is divided by 83?
57
Calculate the remainder when 1365966 is divided by 657.
63
What is the remainder when 23164 is divided by 23074?
90
Calculate the remainder when 9346 is divided by 93.
46
What is the remainder when 329371440 is divided by 893?
892
What is the remainder when 83691254 is divided by 6?
2
What is the remainder when 820956 is divided by 1964?
4
What is the remainder when 1554118 is divided by 325?
293
Calculate the remainder when 850813795 is divided by 300.
295
Calculate the remainder when 36914167 is divided by 153809.
7
Calculate the remainder when 10766971 is divided by 10129.
9973
What is the remainder when 148894754 is divided by 148894736?
18
Calculate the remainder when 185099967 is divided by 2225.
2217
What is the remainder when 7295057 is divided by 846?
845
Calculate the remainder when 188591436 is divided by 29.
28
Calculate the remainder when 940754 is divided by 1960.
1914
What is the remainder when 377112 is divided by 1395?
462
Calculate the remainder when 19337683 is divided by 19337679.
4
Calculate the remainder when 22206754 is divided by 26.
24
What is the remainder when 6430172 is divided by 383?
368
What is the remainder when 322393 is divided by 547?
210
What is the remainder when 4305121597 is divided by 1840?
1837
What is the remainder when 61078 is divided by 2035?
28
What is the remainder when 20001 is divided by 5639?
3084
Calculate the remainder when 37786 is divided by 1588.
1262
Calculate the remainder when 34577 is divided by 398.
349
What is the remainder when 180397 is divided by 179591?
806
Calculate the remainder when 1394234 is divided by 729.
386
Calculate the remainder when 39774 is divided by 13063.
585
What is the remainder when 8558923 is divided by 695?
693
Calculate the remainder when 862106344 is divided by 1228.
1224
What is the remainder when 197580 is divided by 1831?
1663
What is the remainder when 205353 is divided by 380?
153
Calculate the remainder when 35544735 is divided by 78.
57
What is the remainder when 48643 is divided by 24276?
91
What is the remainder when 4500462 is divided by 862?
822
Calculate the remainder when 1570 is divided by 573.
424
What is the remainder when 30966 is divided by 1676?
798
What is the remainder when 4109100 is divided by 127?
15
What is the remainder when 60729 is divided by 1568?
1145
What is the remainder when 24624 is divided by 73?
23
Calculate the remainder when 47194 is divided by 11786.
50
What is the remainder when 48863 is divided by 24100?
663
What is the remainder when 33662501 is divided by 142?
123
What is the remainder when 350134 is divided by 1058?
994
Calculate the remainder when 905138346 is divided by 7193.
7191
Calculate the remainder when 1034771 is divided by 12954.
11405
Calculate the remainder when 53767783 is divided by 25.
8
Calculate the remainder when 1563104 is divided by 362.
350
Calculate the remainder when 454330377 is divided by 581.
578
What is the remainder when 1670064 is divided by 1?
0
Calculate the remainder when 4262 is divided by 3152.
1110
Calculate the remainder when 38498 is divided by 2754.
2696
What is the remainder when 2699580 is divided by 15081?
81
Calculate the remainder when 388450 is divided by 194200.
50
Calculate the remainder when 4633281 is divided by 4624.
33
What is the remainder when 108284 is divided by 71?
9
What is the remainder when 177213516 is divided by 56294?
4
What is the remainder when 3193939 is divided by 212929?
4
What is the remainder when 1878909 is divided by 638?
637
What is the remainder when 20100327 is divided by 15?
12
Calculate the remainder when 348